{"id":52,"date":"2018-07-22T17:45:19","date_gmt":"2018-07-22T17:45:19","guid":{"rendered":"http:\/\/lepetitrefuge.com\/?page_id=52"},"modified":"2018-07-22T20:40:14","modified_gmt":"2018-07-22T18:40:14","slug":"francais","status":"publish","type":"page","link":"https:\/\/lepetitrefuge.com\/?page_id=52","title":{"rendered":"Fran\u00e7ais"},"content":{"rendered":"<h1>LE PETITE REFUGE<\/h1>\n<p><strong>Le Petit Refuge est le petit et confortable chambres et table d\u2019h\u00f4tes de Antoine Joosten, un grand connaisseur des Pyr\u00e9n\u00e9es. C\u2019est une chambre d\u2019h\u00f4tes o\u00f9 vous pouvez non seulement passer la nuit et prendre le petit d\u00e9jeuner, mais Antoine prepare aussi un excellent repas chaque soir, si vous \u00eates interess\u00e9.<\/strong><\/p>\n<p>La maison est situ\u00e9e dans le magnifique village de montagne d\u2019Ayet, au coeur de la vall\u00e9e et offre de belles vues sur la c\u00e9l\u00e8bre Vall\u00e9e de Bethmale, une des 18 vall\u00e9es dans le Couserans. Tranquilit\u00e9 assur\u00e9 au Petit Refuge: pas de circulation autour de la maison et seulement trois chambres pour les clients. Le repos et le silence agr\u00e9able r\u00e8gnent au Petit Refuge. Dehors, il y a une belle terrasse o\u00f9 vous pourrez se r\u00e9poser apr\u00e8s une belle balade en montagne. Quand il fait beau en \u00e9t\u00e9, vous pouvez prendre le repas sur la terrasse!<\/p>\n","protected":false},"excerpt":{"rendered":"<p>LE PETITE REFUGE Le Petit Refuge est le petit et confortable chambres et table d\u2019h\u00f4tes de Antoine Joosten, un grand connaisseur des Pyr\u00e9n\u00e9es. C\u2019est une chambre d\u2019h\u00f4tes o\u00f9 vous pouvez non seulement passer la nuit et prendre le petit d\u00e9jeuner, mais Antoine prepare aussi un excellent repas chaque soir, si vous \u00eates interess\u00e9. La maison est situ\u00e9e dans le magnifique village de montagne d\u2019Ayet, au coeur de la vall\u00e9e et offre de belles vues sur la c\u00e9l\u00e8bre Vall\u00e9e de Bethmale, une des 18 vall\u00e9es dans le Couserans. Tranquilit\u00e9 assur\u00e9 au Petit Refuge: pas de circulation autour de la maison et [&hellip;]<\/p>\n","protected":false},"author":1,"featured_media":0,"parent":0,"menu_order":0,"comment_status":"closed","ping_status":"closed","template":"","meta":{"_mi_skip_tracking":false,"footnotes":""},"_links":{"self":[{"href":"https:\/\/lepetitrefuge.com\/index.php?rest_route=\/wp\/v2\/pages\/52"}],"collection":[{"href":"https:\/\/lepetitrefuge.com\/index.php?rest_route=\/wp\/v2\/pages"}],"about":[{"href":"https:\/\/lepetitrefuge.com\/index.php?rest_route=\/wp\/v2\/types\/page"}],"author":[{"embeddable":true,"href":"https:\/\/lepetitrefuge.com\/index.php?rest_route=\/wp\/v2\/users\/1"}],"replies":[{"embeddable":true,"href":"https:\/\/lepetitrefuge.com\/index.php?rest_route=%2Fwp%2Fv2%2Fcomments&post=52"}],"version-history":[{"count":2,"href":"https:\/\/lepetitrefuge.com\/index.php?rest_route=\/wp\/v2\/pages\/52\/revisions"}],"predecessor-version":[{"id":139,"href":"https:\/\/lepetitrefuge.com\/index.php?rest_route=\/wp\/v2\/pages\/52\/revisions\/139"}],"wp:attachment":[{"href":"https:\/\/lepetitrefuge.com\/index.php?rest_route=%2Fwp%2Fv2%2Fmedia&parent=52"}],"curies":[{"name":"wp","href":"https:\/\/api.w.org\/{rel}","templated":true}]}}